{"id":217,"date":"2013-09-11T19:19:12","date_gmt":"2013-09-11T19:19:12","guid":{"rendered":"https:\/\/whiteravens.org\/?page_id=217"},"modified":"2013-09-20T07:38:33","modified_gmt":"2013-09-20T11:38:33","slug":"cantaware-rice","status":"publish","type":"page","link":"https:\/\/whiteravens.org\/?page_id=217","title":{"rendered":"Kent"},"content":{"rendered":"<h3>History<\/h3>\n<p>The Kingdom of Kent (i.e.,\u00a0Cantaware R\u012bce)&#8230;<\/p>\n<h3>Cyningas<\/h3>\n<ol>\n<li>Hengest<\/li>\n<li>Horsa<\/li>\n<li>Oisc<\/li>\n<li>Octa<\/li>\n<li>Eormenric<\/li>\n<li>\u00c6\u00feelberht I (ca. 590-616); <em>bretwalda<\/em>,\u00a0first Christian Anglo-Saxon king<\/li>\n<li><a title=\"Eadbald\" href=\"https:\/\/whiteravens.org\/?page_id=387\">Eadbald<\/a>\u00a0(616-640); son of\u00a0\u00c6\u00feelberht I and Bertha, daughter of Merovingian King Charibet<\/li>\n<li>\u00c6\u00feelwald<\/li>\n<li>Eorcenberht<\/li>\n<li>Eormenred<\/li>\n<li>Ecgberht I<\/li>\n<li>Hlothhere<\/li>\n<li>Eadric<\/li>\n<li>Mul<\/li>\n<li>Sw\u00e6fheard<\/li>\n<li>Sw\u00e6fberht<\/li>\n<li>Oswine<\/li>\n<li>Wihtred<\/li>\n<li>Alric<\/li>\n<li>Eadberht I<\/li>\n<li>\u00c6\u00feelberht II (725-762); under Mercian overlordship<\/li>\n<li>Eardwulf (unknown);\u00a0under Mercian overlordship<\/li>\n<li>Eadberht II (ca. 762);\u00a0under Mercian overlordship<\/li>\n<li>Sigered (ca. 762);\u00a0under Mercian overlordship<\/li>\n<li>Eanmund (unknown);\u00a0under Mercian overlordship<\/li>\n<li>Heaberht (ca. 764-765); under Mercian overlordship<\/li>\n<li>Ecgberht II (ca. 765-779); under Mercian overlordship<\/li>\n<li>Ealhmund (ca. 784); under Mercian overlordship<\/li>\n<li>Eadberht III Pr\u00e6n (796-798)<\/li>\n<li><a title=\"Cu\u00f0red\" href=\"https:\/\/whiteravens.org\/?page_id=355\">Cu\u00f0red<\/a> (ca. 797-807)<\/li>\n<li>C\u0153nwulf (ca. 809)<\/li>\n<li>Ceolwulf (ca. 822-823)<\/li>\n<li>Baldred ( -825); deposed; expelled by\u00a0\u00c6\u00feelwulf<\/li>\n<li>Ecgberht III (825-839)<\/li>\n<li>\u00c6\u00feelwulf (825-858)<\/li>\n<li>\u00c6\u00feelstan I (ca. 839-851)<\/li>\n<li>\u00c6\u00feelberht III (ca. 855-866)<\/li>\n<li>\u00c6\u00feelred I (866-871)<\/li>\n<\/ol>\n","protected":false},"excerpt":{"rendered":"<p>History The Kingdom of Kent (i.e.,\u00a0Cantaware R\u012bce)&#8230; Cyningas Hengest Horsa Oisc Octa Eormenric \u00c6\u00feelberht I (ca. 590-616); bretwalda,\u00a0first Christian Anglo-Saxon king Eadbald\u00a0(616-640); son of\u00a0\u00c6\u00feelberht I and Bertha, daughter of Merovingian King Charibet \u00c6\u00feelwald Eorcenberht Eormenred Ecgberht I Hlothhere Eadric Mul &hellip; <a href=\"https:\/\/whiteravens.org\/?page_id=217\">Continue reading <span class=\"meta-nav\">&rarr;<\/span><\/a><\/p>\n","protected":false},"author":1,"featured_media":0,"parent":70,"menu_order":3,"comment_status":"open","ping_status":"open","template":"","meta":{"footnotes":""},"class_list":["post-217","page","type-page","status-publish","hentry"],"_links":{"self":[{"href":"https:\/\/whiteravens.org\/index.php?rest_route=\/wp\/v2\/pages\/217","targetHints":{"allow":["GET"]}}],"collection":[{"href":"https:\/\/whiteravens.org\/index.php?rest_route=\/wp\/v2\/pages"}],"about":[{"href":"https:\/\/whiteravens.org\/index.php?rest_route=\/wp\/v2\/types\/page"}],"author":[{"embeddable":true,"href":"https:\/\/whiteravens.org\/index.php?rest_route=\/wp\/v2\/users\/1"}],"replies":[{"embeddable":true,"href":"https:\/\/whiteravens.org\/index.php?rest_route=%2Fwp%2Fv2%2Fcomments&post=217"}],"version-history":[{"count":7,"href":"https:\/\/whiteravens.org\/index.php?rest_route=\/wp\/v2\/pages\/217\/revisions"}],"predecessor-version":[{"id":391,"href":"https:\/\/whiteravens.org\/index.php?rest_route=\/wp\/v2\/pages\/217\/revisions\/391"}],"up":[{"embeddable":true,"href":"https:\/\/whiteravens.org\/index.php?rest_route=\/wp\/v2\/pages\/70"}],"wp:attachment":[{"href":"https:\/\/whiteravens.org\/index.php?rest_route=%2Fwp%2Fv2%2Fmedia&parent=217"}],"curies":[{"name":"wp","href":"https:\/\/api.w.org\/{rel}","templated":true}]}}