{"id":362,"date":"2013-09-19T14:10:05","date_gmt":"2013-09-19T18:10:05","guid":{"rendered":"https:\/\/whiteravens.org\/?page_id=362"},"modified":"2013-09-25T09:55:06","modified_gmt":"2013-09-25T13:55:06","slug":"aethelstan","status":"publish","type":"page","link":"https:\/\/whiteravens.org\/?page_id=362","title":{"rendered":"\u00c6\u00feelstan"},"content":{"rendered":"<p>\u00c6\u00feelstan was King of Wessex from 924 to 927 and King of the English from 927 to 939.<\/p>\n<div id=\"attachment_447\" style=\"width: 460px\" class=\"wp-caption aligncenter\"><a href=\"https:\/\/whiteravens.org\/wp-content\/uploads\/2013\/09\/aethelstan-penny2.jpg\"><img loading=\"lazy\" decoding=\"async\" aria-describedby=\"caption-attachment-447\" src=\"https:\/\/whiteravens.org\/wp-content\/uploads\/2013\/09\/aethelstan-penny2.jpg\" alt=\"\u00c6\u00feelstan penny, Winceastre mint, Reinulf moneyer\" width=\"450\" height=\"217\" class=\"size-full wp-image-447\" srcset=\"https:\/\/whiteravens.org\/wp-content\/uploads\/2013\/09\/aethelstan-penny2.jpg 450w, https:\/\/whiteravens.org\/wp-content\/uploads\/2013\/09\/aethelstan-penny2-300x144.jpg 300w\" sizes=\"auto, (max-width: 450px) 100vw, 450px\" \/><\/a><p id=\"caption-attachment-447\" class=\"wp-caption-text\">\u00c6\u00feelstan penny, Winceastre mint, Reinulf moneyer<\/p><\/div>\n<div id=\"attachment_363\" style=\"width: 460px\" class=\"wp-caption aligncenter\"><a href=\"https:\/\/whiteravens.org\/wp-content\/uploads\/2013\/09\/aethelstan-penny.jpg\"><img loading=\"lazy\" decoding=\"async\" aria-describedby=\"caption-attachment-363\" class=\"size-full wp-image-363\" alt=\"\u00c6\u00feelstan penny, unknown mint\" src=\"https:\/\/whiteravens.org\/wp-content\/uploads\/2013\/09\/aethelstan-penny.jpg\" width=\"450\" height=\"221\" srcset=\"https:\/\/whiteravens.org\/wp-content\/uploads\/2013\/09\/aethelstan-penny.jpg 450w, https:\/\/whiteravens.org\/wp-content\/uploads\/2013\/09\/aethelstan-penny-300x147.jpg 300w\" sizes=\"auto, (max-width: 450px) 100vw, 450px\" \/><\/a><p id=\"caption-attachment-363\" class=\"wp-caption-text\">\u00c6\u00feelstan penny, unknown mint<\/p><\/div>\n<ol>\n<li>Coin images from \u201c<a href=\"http:\/\/www.cngcoins.com\/Coin.aspx?CoinID=242721\">Classical Numismatic Group, Inc.<\/a>\u201c<\/li>\n<\/ol>\n","protected":false},"excerpt":{"rendered":"<p>\u00c6\u00feelstan was King of Wessex from 924 to 927 and King of the English from 927 to 939. Coin images from \u201cClassical Numismatic Group, Inc.\u201c<\/p>\n","protected":false},"author":1,"featured_media":0,"parent":186,"menu_order":30,"comment_status":"open","ping_status":"open","template":"","meta":{"footnotes":""},"class_list":["post-362","page","type-page","status-publish","hentry"],"_links":{"self":[{"href":"https:\/\/whiteravens.org\/index.php?rest_route=\/wp\/v2\/pages\/362","targetHints":{"allow":["GET"]}}],"collection":[{"href":"https:\/\/whiteravens.org\/index.php?rest_route=\/wp\/v2\/pages"}],"about":[{"href":"https:\/\/whiteravens.org\/index.php?rest_route=\/wp\/v2\/types\/page"}],"author":[{"embeddable":true,"href":"https:\/\/whiteravens.org\/index.php?rest_route=\/wp\/v2\/users\/1"}],"replies":[{"embeddable":true,"href":"https:\/\/whiteravens.org\/index.php?rest_route=%2Fwp%2Fv2%2Fcomments&post=362"}],"version-history":[{"count":3,"href":"https:\/\/whiteravens.org\/index.php?rest_route=\/wp\/v2\/pages\/362\/revisions"}],"predecessor-version":[{"id":448,"href":"https:\/\/whiteravens.org\/index.php?rest_route=\/wp\/v2\/pages\/362\/revisions\/448"}],"up":[{"embeddable":true,"href":"https:\/\/whiteravens.org\/index.php?rest_route=\/wp\/v2\/pages\/186"}],"wp:attachment":[{"href":"https:\/\/whiteravens.org\/index.php?rest_route=%2Fwp%2Fv2%2Fmedia&parent=362"}],"curies":[{"name":"wp","href":"https:\/\/api.w.org\/{rel}","templated":true}]}}