{"id":96,"date":"2013-09-10T19:28:31","date_gmt":"2013-09-10T19:28:31","guid":{"rendered":"https:\/\/whiteravens.org\/?page_id=96"},"modified":"2013-09-12T11:51:30","modified_gmt":"2013-09-12T11:51:30","slug":"aethelstan-i","status":"publish","type":"page","link":"https:\/\/whiteravens.org\/?page_id=96","title":{"rendered":"\u00c6\u00feelstan I"},"content":{"rendered":"<p>\u00c6\u00feelstan I reigned in East Anglia after 827 to the mid 840s.\u00a0Much of the written records of East Anglia are believed to have been lost with the destruction of its monasteries and by Viking raids and settlement.<\/p>\n<p><a href=\"https:\/\/whiteravens.org\/wp-content\/uploads\/2013\/09\/aethelstan-1-coins1.jpg\"><img loading=\"lazy\" decoding=\"async\" class=\"aligncenter size-full wp-image-140\" alt=\"aethelstan 1 coins\" src=\"https:\/\/whiteravens.org\/wp-content\/uploads\/2013\/09\/aethelstan-1-coins1.jpg\" width=\"450\" height=\"219\" srcset=\"https:\/\/whiteravens.org\/wp-content\/uploads\/2013\/09\/aethelstan-1-coins1.jpg 450w, https:\/\/whiteravens.org\/wp-content\/uploads\/2013\/09\/aethelstan-1-coins1-300x146.jpg 300w\" sizes=\"auto, (max-width: 450px) 100vw, 450px\" \/><\/a><\/p>\n<ol>\n<li>Coin images from &#8220;<a href=\"http:\/\/www.coins-of-the-uk.co.uk\/pics\/hamm\/eanglia\/index.html\">Pictures of Coins of the UK<\/a>&#8220;<\/li>\n<li>&#8220;<a href=\"http:\/\/en.wikipedia.org\/wiki\/%C3%86thelstan_of_East_Anglia\">\u00c6thelstan of East Anglia<\/a>&#8220;, Wikipedia<\/li>\n<\/ol>\n","protected":false},"excerpt":{"rendered":"<p>\u00c6\u00feelstan I reigned in East Anglia after 827 to the mid 840s.\u00a0Much of the written records of East Anglia are believed to have been lost with the destruction of its monasteries and by Viking raids and settlement. Coin images from &hellip; <a href=\"https:\/\/whiteravens.org\/?page_id=96\">Continue reading <span class=\"meta-nav\">&rarr;<\/span><\/a><\/p>\n","protected":false},"author":1,"featured_media":0,"parent":72,"menu_order":22,"comment_status":"open","ping_status":"open","template":"","meta":{"footnotes":""},"class_list":["post-96","page","type-page","status-publish","hentry"],"_links":{"self":[{"href":"https:\/\/whiteravens.org\/index.php?rest_route=\/wp\/v2\/pages\/96","targetHints":{"allow":["GET"]}}],"collection":[{"href":"https:\/\/whiteravens.org\/index.php?rest_route=\/wp\/v2\/pages"}],"about":[{"href":"https:\/\/whiteravens.org\/index.php?rest_route=\/wp\/v2\/types\/page"}],"author":[{"embeddable":true,"href":"https:\/\/whiteravens.org\/index.php?rest_route=\/wp\/v2\/users\/1"}],"replies":[{"embeddable":true,"href":"https:\/\/whiteravens.org\/index.php?rest_route=%2Fwp%2Fv2%2Fcomments&post=96"}],"version-history":[{"count":5,"href":"https:\/\/whiteravens.org\/index.php?rest_route=\/wp\/v2\/pages\/96\/revisions"}],"predecessor-version":[{"id":252,"href":"https:\/\/whiteravens.org\/index.php?rest_route=\/wp\/v2\/pages\/96\/revisions\/252"}],"up":[{"embeddable":true,"href":"https:\/\/whiteravens.org\/index.php?rest_route=\/wp\/v2\/pages\/72"}],"wp:attachment":[{"href":"https:\/\/whiteravens.org\/index.php?rest_route=%2Fwp%2Fv2%2Fmedia&parent=96"}],"curies":[{"name":"wp","href":"https:\/\/api.w.org\/{rel}","templated":true}]}}